 31. Let t be v(-1). Suppose -4*s - 623 + 2653 = o, -2*s - t*o = -1020. What are the prime factors of s?
3, 13
Let y = 0 - 1. List the prime factors of y*(-8)/10*(-41055)/(-42).
2, 17, 23
Suppose 0 = 2*l - 2, -2*v + 7*v - 5*l - 5 = 0. Suppose -3 = v*h + h, 0 = 5*d + 3*h - 1467. What are the prime factors of d?
2, 3, 7
Suppose -319*c + 12171963 = 9902243 - 15782171. List the prime factors of c.
3, 13, 1451
Let p = 6 - -2. Let x(v) = -20 - p*v - 6*v + 2*v. What are the prime factors of x(-8)?
2, 19
Let l(n) = n**2 - 4*n + 3. Let o be l(5). Suppose -13*y = -o*y. Suppose -2*p - 5*z = -4*p + 161, 4*p - 2*z - 314 = y. What are the prime factors of p?
2, 3, 13
Let i(g) = 4*g - 9. Let u be i(-10). Let j = u - -50. What are the prime factors of 88 - (j/3)/(2/(-18))?
7, 13
Let o = -23700 - -39575. List the prime factors of o.
5, 127
Suppose 38*u = 50*u - 6312. Let g = u - -54. List the prime factors of g.
2, 5, 29
Let j be ((-25)/20)/(1/(-4)). Let i(n) = -180*n + 90. Let v(y) = -26*y + 13. Let x(p) = -4*i(p) + 27*v(p). What are the prime factors of x(j)?
3
Suppose -5*a - 210 = u, -a - 1302 = 4*u - 462. Let x = u + 1203. List the prime factors of x.
3, 331
Let c = -6409 - -12928. What are the prime factors of c?
3, 41, 53
Let j(o) = 2*o**3 + 6*o**2 - 4*o - 16. Let k be j(-4). List the prime factors of (-2776)/(-10) + k/(-80).
2, 139
List the prime factors of (-5554)/(2/2)*6153/(-1758).
7, 2777
Let l = 34203 - -6934. List the prime factors of l.
31, 1327
Let w = -9757 + 97477. What are the prime factors of w?
2, 3, 5, 17, 43
Let f(b) = 7*b**2 - 14*b + 736. What are the prime factors of f(-57)?
11, 2207
Let z(x) = -19*x - 5. Let v be z(8). Let n = -1935 + 1846. Let q = n - v. What are the prime factors of q?
2, 17
Let f be 8/12 - (13940/(-15) - -2). Let j = f + -269. List the prime factors of j.
659
Let i(c) = -1225*c - 184. What are the prime factors of i(-17)?
20641
Let s = 136 + -133. Suppose 3*o + 1283 = 20*d - 18*d, -d - s*o = -664. What are the prime factors of d?
11, 59
Let s(v) = 3*v**2 + 5*v - 2. Let y be s(-2). Suppose u + 95 = 5*c, c - 5*u - 6 - 13 = y. List the prime factors of c.
19
Let z(p) = -3*p + 64. Let v be z(18). Suppose -v*f = -4017 - 43. List the prime factors of f.
2, 7, 29
Let p(h) be the third derivative of h**6/120 - h**5/60 + 7*h**4/24 - h**3/2 + h**2. Let u = -326 + 331. What are the prime factors of p(u)?
2, 3, 11
Let g = -213 + 215. Suppose g*c - 3*q + 65 = 1085, 2040 = 4*c - 2*q. List the prime factors of c.
2, 3, 5, 17
Let m(g) = -g**3 - 4*g**2 + 5*g + 8. Let p be m(-5). What are the prime factors of 5 - (-193 - (5 - p))?
3, 5, 13
Suppose 3*u + 2*u + 44 = l, 5*l + 3*u - 360 = 0. Let w = l + -38. Let f = w - 24. What are the prime factors of f?
7
Suppose -9 = -290*r + 287*r, 3*r = 3*s - 6636. List the prime factors of s.
5, 443
Let h(b) = b**2 + 18. Let f be h(0). Let c(r) = 5*r**2 + 6*r + 2. Let q be c(-2). Let u = q + f. List the prime factors of u.
2, 7
Let p(r) = r**3 + 70*r**2 + 82*r + 1340. List the prime factors of p(-63).
23957
Let q(j) be the second derivative of -j**5/20 + 7*j**4/6 - 5*j**3/3 - 9*j**2/2 - 24*j + 2. What are the prime factors of q(11)?
2, 61
Suppose 0 = 21*c + 22*c - 1911029 + 443955. List the prime factors of c.
2, 7, 2437
Let f = 36864 + -14245. What are the prime factors of f?
22619
List the prime factors of (-5 - (-7)/(245/165)) + 64904/98.
2, 331
Let f(i) = -2*i**2 - 20 - 15*i**3 + 20*i**3 - 4*i - 4*i. Let v be f(6). Suppose 12*d = 1556 + v. What are the prime factors of d?
2, 13
List the prime factors of ((-8)/(352/(-33)))/((-2)/(-24864)) + 5.
19, 491
Let n = 234 - 205. Suppose n*i - 38*i = -207. What are the prime factors of i?
23
Let n(d) = 2*d**2 - 13*d + 13. Suppose -6*a = -2 - 10. Suppose -a*g = -4*i - 38 - 0, 3*i + 12 = 0. List the prime factors of n(g).
2, 7
Suppose -7*n - 5*k = -9*n + 9411, 5*n - 5*k - 23535 = 0. List the prime factors of n.
2, 11, 107
Let m = -1333 - -7184. List the prime factors of m.
5851
Suppose 220*u - 216*u - 79030 = -5*c, 2*c + 3*u - 31612 = 0. What are the prime factors of c?
2, 7, 1129
Let n = 9885 - 4637. What are the prime factors of n?
2, 41
Let q = 828 + -748. Suppose -q*n - 267 = -83*n. What are the prime factors of n?
89
Let k = -313 - -321. Suppose -1024 = -2*u - h, -4*u = -9*h + k*h - 2060. List the prime factors of u.
2, 257
Let g(o) = -7*o**3 + 3*o - 1. Suppose 8*z = -16 - 0. Let l be g(z). Let m = -40 + l. List the prime factors of m.
3
Let c = -491 - -493. Suppose 2*v = 1 + 7. Suppose -255 = -c*q - z, 0 = q + v*q - 5*z - 645. List the prime factors of q.
2
Suppose 18*q = 21*q - 483. Suppose q - 861 = -4*l. Let v = l + -102. List the prime factors of v.
73
Suppose -10*u - 72 = -632. Let l = u + -67. List the prime factors of (l/4 - -1)/(10/(-1160)).
7, 29
Suppose -30 = 14*g - 58. What are the prime factors of (-5 - -199)/g + 12/(-2)?
7, 13
What are the prime factors of ((-2)/(4/(-9)))/(-1 - (-10131)/10120)?
2, 3, 5, 23
Let v be (-1 - -2)/((-1)/34*-2). Suppose -10*n + v*n = 2072. Let g = n + -177. What are the prime factors of g?
7, 17
What are the prime factors of (-37754)/(-14) + 99/77 + -1?
3, 29, 31
What are the prime factors of 8832/20 + (-74)/(-185)?
2, 13, 17
Suppose -3*i = -4*i - 16*i + 391. What are the prime factors of i?
23
Let r be (3 + 0)/(5/20) + -2. Let z(i) = -i**3 + 9*i**2 + 12*i - 10. Let d be z(r). Let b(m) = 3*m**2 - 24*m + 3. List the prime factors of b(d).
3, 7
Suppose -5*a = -3*z + 145748, -8*z - 8*a = -13*z + 242911. What are the prime factors of z?
48571
Suppose -3*d + 21 = -45. Suppose 3*k - d = 3*y + 5*k, 2*y + 13 = -k. List the prime factors of 2/(-3)*126/y.
3, 7
Let d = -74 - -81. Let v be 2/4*(59 - (-14 + d)). Let n = 53 - v. What are the prime factors of n?
2, 5
Let i(l) = l**3 + 15*l**2 + 18*l + 34. Let p be i(-14). Let k be 4 - (-66)/(-15) - p/5. List the prime factors of (6 - 530/(-15))*(-1 + k).
2, 31
Let z = -174 - -146. What are the prime factors of 6/(-4) + (-5390)/z?
191
Let t be (((-49)/21)/(-1))/(1/(-6)). List the prime factors of 2/t + 11 + (-25266)/(-21).
2, 607
What are the prime factors of (1533 - 0)/(((-30)/375)/(24/(-45)))?
2, 5, 7, 73
Let m = -236 - -7465. What are the prime factors of m?
7229
Let k(r) = -r - 1. Let a = 58 + -69. Let l = a + -3. What are the prime factors of k(l)?
13
Suppose 0 = -2*b - 4, 40*h + 3*b + 53307 = 43*h. What are the prime factors of h?
109, 163
Suppose v + 9 = 4*v. Suppose 4*y - v*x = y - 57, 21 = -y - x. What are the prime factors of 240/25 - 4/(y/(-3))?
3
Let k = -42712 - -102618. What are the prime factors of k?
2, 7, 11, 389
Suppose 18*i - 58126 = -4288. What are the prime factors of i?
3, 997
Suppose 59*d - 9087 = 58*d. What are the prime factors of d?
3, 13, 233
Suppose 0 = -24*s - 54 + 6. What are the prime factors of s + (-16)/(-10) - (-4842)/30?
7, 23
Suppose 91*o - 100*o - 54 = 0. Let x(b) be the first derivative of -b**4/4 - 4*b**3/3 + 3*b**2/2 + 14*b + 1. List the prime factors of x(o).
2, 17
Suppose 44*m = 43*m + 28. List the prime factors of (48/m)/(-3) + 2760/28.
2, 7
Let j be (9/(-2))/(-1) - 5/2. Suppose -15 = 5*w, j*w - 4300 + 384 = -2*g. List the prime factors of g.
37, 53
Suppose -m = -2*c - c + 33, 0 = -m + 4*c - 35. Let a be m/(-5) - 3/(60/8). Suppose -2*z = d + 3*z - 92, -308 = -4*d - a*z. List the prime factors of d.
2, 3
Suppose 92*x - 470545 - 228934 - 2579309 = 0. What are the prime factors of x?
157, 227
Suppose 3*o - 108 = n - 291, -5*n + 915 = 3*o. Let d = 287 + 22. Let q = d - n. List the prime factors of q.
2, 3, 7
Let z = 5101 - 3019. What are the prime factors of z?
2, 3, 347
Let u(l) = -l**3 - 6*l**2 + 8*l + 2. Let f be u(-7). Let g(q) = 52*q**2 - 21*q**2 - 28*q**2 - 4 + 0 - 3*q. What are the prime factors of g(f)?
2, 43
Suppose -121*f - 208371 + 487526 + 725266 = 0. What are the prime factors of f?
3, 2767
Let t = -1855 + 513. Let p = t - -2670. What are the prime factors of p?
2, 83
Let g(w) = -w**2 - 22*w - 38. Let y be g(-20). Let c be 10 - ((9 - y) + -3). Suppose 2*h - 1136 = -c*h. List the prime factors of h.
2, 71
Let q(p) = -45*p**2 - 5*p. Suppose 10 = -7*c - 11. Let d be q(c). Let l = d + 548. List the prime factors of l.
2, 79
Suppose 0 = h - 4*c - 9 + 1, -3*h + 4*c = -8. Let w be -2*(h + 15/(-6)). Suppose 2*q - 17 = -w*p + 121